 prime factors of 436766.
2, 11, 19853
List the prime factors of 2860391.
929, 3079
What are the prime factors of 6365247?
3, 7, 19, 43, 53
What are the prime factors of 7366?
2, 29, 127
What are the prime factors of 1305051?
3, 11, 71, 557
What are the prime factors of 6397841?
23, 43, 6469
What are the prime factors of 15205621?
389, 39089
List the prime factors of 2676734.
2, 1338367
List the prime factors of 8161.
8161
List the prime factors of 315487.
31, 10177
What are the prime factors of 596296?
2, 19, 3923
What are the prime factors of 8542540?
2, 5, 53, 8059
List the prime factors of 667684.
2, 71, 2351
What are the prime factors of 987404?
2, 11, 22441
List the prime factors of 3065974.
2, 1532987
What are the prime factors of 1696034?
2, 848017
List the prime factors of 2073604.
2, 13, 39877
What are the prime factors of 2257703?
7, 23, 37, 379
What are the prime factors of 224615?
5, 167, 269
What are the prime factors of 1717032?
2, 3, 29, 2467
List the prime factors of 33292657.
1549, 21493
List the prime factors of 618642.
2, 3, 34369
List the prime factors of 217407.
3, 72469
What are the prime factors of 5773978?
2, 7, 83, 4969
List the prime factors of 3107678.
2, 7, 19, 1669
List the prime factors of 179111.
179111
List the prime factors of 413446.
2, 11, 18793
What are the prime factors of 872779?
709, 1231
What are the prime factors of 19102212?
2, 3, 37, 14341
List the prime factors of 2575670.
2, 5, 17, 109, 139
What are the prime factors of 7324755?
3, 5, 488317
What are the prime factors of 17874813?
3, 11, 541661
What are the prime factors of 16455484?
2, 157, 26203
What are the prime factors of 6191572?
2, 1547893
List the prime factors of 3510362.
2, 1755181
List the prime factors of 171060.
2, 3, 5, 2851
List the prime factors of 1289417.
461, 2797
What are the prime factors of 494252?
2, 11, 47, 239
What are the prime factors of 18415459?
83, 221873
What are the prime factors of 1436713?
73, 19681
List the prime factors of 5882860.
2, 5, 107, 2749
What are the prime factors of 504302?
2, 252151
List the prime factors of 517588.
2, 83, 1559
List the prime factors of 3737809.
947, 3947
What are the prime factors of 20868577?
20868577
What are the prime factors of 77087?
157, 491
What are the prime factors of 273377?
13, 17, 1237
What are the prime factors of 269598?
2, 3, 7, 131
List the prime factors of 120795.
3, 5, 8053
What are the prime factors of 383463?
3, 137, 311
What are the prime factors of 387217?
59, 6563
List the prime factors of 1365033.
3, 455011
What are the prime factors of 632657?
59, 10723
What are the prime factors of 10432053?
3, 557, 2081
List the prime factors of 1209020.
2, 5, 61, 991
List the prime factors of 7849186.
2, 3924593
What are the prime factors of 249309?
3, 27701
List the prime factors of 840882.
2, 3, 7, 20021
List the prime factors of 43518493.
19, 79, 367
What are the prime factors of 550544?
2, 19, 1811
List the prime factors of 171616.
2, 31, 173
List the prime factors of 4620519.
3, 31, 16561
List the prime factors of 1327292.
2, 17, 131, 149
What are the prime factors of 1296170?
2, 5, 227, 571
What are the prime factors of 213708?
2, 3, 11, 1619
List the prime factors of 149738.
2, 74869
List the prime factors of 2559151.
7, 97, 3769
What are the prime factors of 981215?
5, 29, 67, 101
List the prime factors of 532786.
2, 271, 983
What are the prime factors of 2847676?
2, 13, 23, 2381
List the prime factors of 8092176.
2, 3, 19, 467
List the prime factors of 335049.
3, 11, 13, 71
What are the prime factors of 3451386?
2, 3, 575231
What are the prime factors of 5738386?
2, 701, 4093
What are the prime factors of 709642?
2, 23, 15427
List the prime factors of 1375030.
2, 5, 19, 7237
List the prime factors of 7085465.
5, 1417093
List the prime factors of 6995848.
2, 149, 5869
What are the prime factors of 30067?
107, 281
List the prime factors of 7803805.
5, 257, 6073
List the prime factors of 825692.
2, 7, 37, 797
List the prime factors of 7627347.
3, 7, 13, 67, 139
List the prime factors of 243454.
2, 121727
List the prime factors of 1757619.
3, 2411
What are the prime factors of 152789?
7, 13, 23, 73
List the prime factors of 2859454.
2, 13, 71, 1549
What are the prime factors of 3812550?
2, 3, 5, 7, 3631
List the prime factors of 2704195.
5, 13, 41603
What are the prime factors of 79385?
5, 15877
What are the prime factors of 179649?
3, 19961
What are the prime factors of 13429704?
2, 3, 559571
What are the prime factors of 251407?
13, 83, 233
List the prime factors of 549942.
2, 3, 151, 607
List the prime factors of 2050764.
2, 3, 29, 71, 83
List the prime factors of 321512.
2, 40189
What are the prime factors of 1284924?
2, 3, 107077
List the prime factors of 320706.
2, 3, 5939
List the prime factors of 1100968.
2, 11, 12511
What are the prime factors of 60695?
5, 61, 199
List the prime factors of 147918.
2, 3, 89, 277
What are the prime factors of 331735?
5, 66347
List the prime factors of 314559.
3, 7, 4993
List the prime factors of 977648.
2, 7, 29, 43
List the prime factors of 233472.
2, 3, 19
What are the prime factors of 285589?
19, 15031
List the prime factors of 3736866.
2, 3, 7, 193, 461
What are the prime factors of 130483?
130483
What are the prime factors of 4763682?
2, 3, 7, 11, 491
What are the prime factors of 339951?
3, 47, 2411
List the prime factors of 1265806.
2, 389, 1627
List the prime factors of 27957845.
5, 5591569
List the prime factors of 942891.
3, 67, 4691
List the prime factors of 89943.
3, 7, 4283
What are the prime factors of 8218139?
8218139
What are the prime factors of 38683103?
677, 57139
What are the prime factors of 435204?
2, 3, 7, 11, 157
What are the prime factors of 1808656?
2, 113041
What are the prime factors of 15047?
41, 367
List the prime factors of 67482.
2, 3, 23, 163
List the prime factors of 335593.
23, 14591
List the prime factors of 1749188.
2, 7, 179, 349
What are the prime factors of 10278807?
3, 7, 11, 44497
List the prime factors of 1576424.
2, 193, 1021
List the prime factors of 8062514.
2, 1487, 2711
List the prime factors of 1430807.
7, 23, 8887
What are the prime factors of 3205868?
2, 73, 10979
What are the prime factors of 461124?
2, 3, 12809
List the prime factors of 16529586.
2, 3, 503, 5477
What are the prime factors of 7783730?
2, 5, 19, 71, 577
What are the prime factors of 10886921?
31, 331, 1061
List the prime factors of 902481.
3, 19, 71, 223
What are the prime factors of 3658668?
2, 3, 13, 47, 499
What are the prime factors of 3360663?
3, 19, 6551
List the prime factors of 785149.
769, 1021
List the prime factors of 91183.
91183
What are the prime factors of 70394?
2, 61, 577
What are the prime factors of 2831095?
5, 17, 19, 1753
List the prime factors of 3190701.
3, 677, 1571
List the prime factors of 6088.
2, 761
List the prime factors of 1100895.
3, 5, 23, 3191
What are the prime factors of 173781?
3, 19309
What are the prime factors of 142348?
2, 19, 1873
List the prime factors of 4459577.
4459577
List the prime factors of 336162.
2, 3, 179, 313
List the prime factors of 22150.
2, 5, 443
What are the prime factors of 11056170?
2, 3, 5, 368539
List the prime factors of 1533790.
2, 5, 153379
What are the prime factors of 198639?
3, 7, 1051
List the prime factors of 98623.
7, 73, 193
List the prime factors of 633570.
2, 3, 5, 7, 431
What are the prime factors of 1138469?
79, 14411
What are the prime factors of 2284907?
83, 27529
List the prime factors of 2925302.
2, 1462651
List the prime factors of 171188.
2, 42797
What are the prime factors of 456621?
3, 11, 101, 137
List the prime factors of 805727.
13, 61979
What are the prime factors of 5332304?
2, 333269
What are the prime factors of 7251297?
3, 37, 65327
List the prime factors of 5788057.
11, 197, 2671
List the prime factors of 1922339.
1922339
List the prime factors of 247462.
2, 123731
List the prime factors of 7229564.
2, 1807391
What are the prime factors of 471799?
23, 73, 281
List the prime factors of 10493321.
109, 96269
List the prime factors of 7691272.
2, 41, 131, 179
List the prime factors of 112529.
131, 859
What are the prime factors of 106299?
3, 31, 127
List the prime factors of 5573727.
3, 619303
List the prime factors 